{"id":2881,"date":"2024-03-15T06:49:16","date_gmt":"2024-03-15T04:49:16","guid":{"rendered":"https:\/\/emperus.rs\/staging\/?page_id=2881"},"modified":"2026-01-11T12:22:20","modified_gmt":"2026-01-11T10:22:20","slug":"zlatni-vozdov-grumen","status":"publish","type":"page","link":"https:\/\/emperus.rs\/staging\/zlatni-vozdov-grumen\/","title":{"rendered":"ZLATNI VO\u017dDOV GRUMEN"},"content":{"rendered":"\t\t<div data-elementor-type=\"wp-page\" data-elementor-id=\"2881\" class=\"elementor elementor-2881\" data-elementor-post-type=\"page\">\n\t\t\t\t<div class=\"elementor-element elementor-element-9bc0cda e-flex e-con-boxed e-con e-parent\" data-id=\"9bc0cda\" data-element_type=\"container\" data-e-type=\"container\" data-settings=\"{&quot;background_background&quot;:&quot;classic&quot;}\">\n\t\t\t\t\t<div class=\"e-con-inner\">\n\t\t\t\t<div class=\"elementor-element elementor-element-fcae5e1 elementor-widget elementor-widget-heading\" data-id=\"fcae5e1\" data-element_type=\"widget\" data-e-type=\"widget\" data-widget_type=\"heading.default\">\n\t\t\t\t<div class=\"elementor-widget-container\">\n\t\t\t\t\t<h1 class=\"elementor-heading-title elementor-size-default\">ZLATNI VO\u017dDOV GRUMEN<\/h1>\t\t\t\t<\/div>\n\t\t\t\t<\/div>\n\t\t\t\t<div class=\"elementor-element elementor-element-da3da67 elementor-widget elementor-widget-text-editor\" data-id=\"da3da67\" data-element_type=\"widget\" data-e-type=\"widget\" data-widget_type=\"text-editor.default\">\n\t\t\t\t<div class=\"elementor-widget-container\">\n\t\t\t\t\t\t\t\t\t<p>Rakije od vo\u0107a, nastale u rodnom selu Vo\u017eda Kara\u0111or\u0111a, kriju u sebi grumen srpske istorije, poput zlatnog blaga iz davnina. Proizvedene u srcu \u0160umadije, ove rakije nisu samo pi\u0107e \u2013 one su te\u010dni simbol tradicije, u kome svaki gutljaj sija poput zlatnih niti, povezuju\u0107i nas sa nepokolebljivim duhom ustani\u010dke Srbije.<\/p>\t\t\t\t\t\t\t\t<\/div>\n\t\t\t\t<\/div>\n\t\t\t\t\t<\/div>\n\t\t\t\t<\/div>\n\t\t<div class=\"elementor-element elementor-element-ef61071 e-flex e-con-boxed e-con e-parent\" data-id=\"ef61071\" data-element_type=\"container\" data-e-type=\"container\">\n\t\t\t\t\t<div class=\"e-con-inner\">\n\t\t\t\t<div class=\"woocommerce elementor-element elementor-element-378fc34 elementor-grid-3 elementor-grid-tablet-2 elementor-grid-mobile-1 elementor-widget elementor-widget-loop-grid\" data-id=\"378fc34\" data-element_type=\"widget\" data-e-type=\"widget\" data-settings=\"{&quot;_skin&quot;:&quot;product&quot;,&quot;template_id&quot;:858,&quot;pagination_type&quot;:&quot;load_more_on_click&quot;,&quot;row_gap&quot;:{&quot;unit&quot;:&quot;px&quot;,&quot;size&quot;:40,&quot;sizes&quot;:[]},&quot;columns&quot;:&quot;3&quot;,&quot;columns_tablet&quot;:&quot;2&quot;,&quot;columns_mobile&quot;:&quot;1&quot;,&quot;edit_handle_selector&quot;:&quot;[data-elementor-type=\\&quot;loop-item\\&quot;]&quot;,&quot;load_more_spinner&quot;:{&quot;value&quot;:&quot;fas fa-spinner&quot;,&quot;library&quot;:&quot;fa-solid&quot;},&quot;row_gap_tablet&quot;:{&quot;unit&quot;:&quot;px&quot;,&quot;size&quot;:&quot;&quot;,&quot;sizes&quot;:[]},&quot;row_gap_mobile&quot;:{&quot;unit&quot;:&quot;px&quot;,&quot;size&quot;:&quot;&quot;,&quot;sizes&quot;:[]}}\" data-widget_type=\"loop-grid.product\">\n\t\t\t\t<div class=\"elementor-widget-container\">\n\t\t\t\t\t\t\t<div class=\"e-loop-nothing-found-message\">\n\t\t<\/div>\n\t\t\t\t\t\t<\/div>\n\t\t\t\t<\/div>\n\t\t\t\t\t<\/div>\n\t\t\t\t<\/div>\n\t\t\t\t<\/div>\n\t\t","protected":false},"excerpt":{"rendered":"<p>ZLATNI VO\u017dDOV GRUMEN Rakije od vo\u0107a, nastale u rodnom selu Vo\u017eda Kara\u0111or\u0111a, kriju u sebi grumen srpske istorije, poput zlatnog blaga iz davnina. Proizvedene u srcu \u0160umadije, ove rakije nisu samo pi\u0107e \u2013 one su te\u010dni simbol tradicije, u kome svaki gutljaj sija poput zlatnih niti, povezuju\u0107i nas sa nepokolebljivim duhom ustani\u010dke Srbije.<\/p>\n","protected":false},"author":1,"featured_media":0,"parent":0,"menu_order":0,"comment_status":"closed","ping_status":"closed","template":"","meta":{"_acf_changed":false,"footnotes":""},"class_list":["post-2881","page","type-page","status-publish","hentry"],"acf":[],"_links":{"self":[{"href":"https:\/\/emperus.rs\/staging\/wp-json\/wp\/v2\/pages\/2881","targetHints":{"allow":["GET"]}}],"collection":[{"href":"https:\/\/emperus.rs\/staging\/wp-json\/wp\/v2\/pages"}],"about":[{"href":"https:\/\/emperus.rs\/staging\/wp-json\/wp\/v2\/types\/page"}],"author":[{"embeddable":true,"href":"https:\/\/emperus.rs\/staging\/wp-json\/wp\/v2\/users\/1"}],"replies":[{"embeddable":true,"href":"https:\/\/emperus.rs\/staging\/wp-json\/wp\/v2\/comments?post=2881"}],"version-history":[{"count":15,"href":"https:\/\/emperus.rs\/staging\/wp-json\/wp\/v2\/pages\/2881\/revisions"}],"predecessor-version":[{"id":4476,"href":"https:\/\/emperus.rs\/staging\/wp-json\/wp\/v2\/pages\/2881\/revisions\/4476"}],"wp:attachment":[{"href":"https:\/\/emperus.rs\/staging\/wp-json\/wp\/v2\/media?parent=2881"}],"curies":[{"name":"wp","href":"https:\/\/api.w.org\/{rel}","templated":true}]}}