{"id":3448,"date":"2024-09-16T22:48:08","date_gmt":"2024-09-16T20:48:08","guid":{"rendered":"https:\/\/emperus.rs\/staging\/?page_id=3448"},"modified":"2026-01-13T06:32:28","modified_gmt":"2026-01-13T04:32:28","slug":"zora-by-emperus","status":"publish","type":"page","link":"https:\/\/emperus.rs\/staging\/zora-by-emperus\/","title":{"rendered":"ZORA by EMPERUS"},"content":{"rendered":"\t\t<div data-elementor-type=\"wp-page\" data-elementor-id=\"3448\" class=\"elementor elementor-3448\" data-elementor-post-type=\"page\">\n\t\t\t\t<div class=\"elementor-element elementor-element-3113f54 e-flex e-con-boxed e-con e-parent\" data-id=\"3113f54\" data-element_type=\"container\" data-e-type=\"container\" data-settings=\"{&quot;background_background&quot;:&quot;classic&quot;}\">\n\t\t\t\t\t<div class=\"e-con-inner\">\n\t\t\t\t<div class=\"elementor-element elementor-element-921c0d4 elementor-widget elementor-widget-heading\" data-id=\"921c0d4\" data-element_type=\"widget\" data-e-type=\"widget\" data-widget_type=\"heading.default\">\n\t\t\t\t<div class=\"elementor-widget-container\">\n\t\t\t\t\t<h1 class=\"elementor-heading-title elementor-size-default\">ZORA BY EMPERUS<\/h1>\t\t\t\t<\/div>\n\t\t\t\t<\/div>\n\t\t\t\t<div class=\"elementor-element elementor-element-9890727 elementor-widget elementor-widget-text-editor\" data-id=\"9890727\" data-element_type=\"widget\" data-e-type=\"widget\" data-widget_type=\"text-editor.default\">\n\t\t\t\t<div class=\"elementor-widget-container\">\n\t\t\t\t\t\t\t\t\t<p>Zora se budi nad \u0160umadijom, dok prvi zraci svitanja obasjavaju vo\u0107njake iz kojih se ra\u0111a rakija najvi\u0161eg kvaliteta. U svakoj kapljici ove plemenite te\u010dnosti o\u017eivljava tradicija koju su nam preci ostavili \u2013 sa\u010duvana kroz generacije, kao veza izme\u0111u pro\u0161losti i budu\u0107nosti. Kao \u0161to svitanje donosi novi dan, tako i ove rakije bude se\u0107anje na stara vremena, kada je svaki gutljaj nosio pri\u010du o ponosu i nasle\u0111u srpske zemlje.<\/p>\t\t\t\t\t\t\t\t<\/div>\n\t\t\t\t<\/div>\n\t\t\t\t\t<\/div>\n\t\t\t\t<\/div>\n\t\t<div class=\"elementor-element elementor-element-52feac4 e-flex e-con-boxed e-con e-parent\" data-id=\"52feac4\" data-element_type=\"container\" data-e-type=\"container\">\n\t\t\t\t\t<div class=\"e-con-inner\">\n\t\t\t\t<div class=\"woocommerce elementor-element elementor-element-39ddc9b elementor-grid-3 elementor-grid-tablet-2 elementor-grid-mobile-1 elementor-widget elementor-widget-loop-grid\" data-id=\"39ddc9b\" data-element_type=\"widget\" data-e-type=\"widget\" data-settings=\"{&quot;_skin&quot;:&quot;product&quot;,&quot;template_id&quot;:858,&quot;pagination_type&quot;:&quot;load_more_on_click&quot;,&quot;row_gap&quot;:{&quot;unit&quot;:&quot;px&quot;,&quot;size&quot;:40,&quot;sizes&quot;:[]},&quot;columns&quot;:&quot;3&quot;,&quot;columns_tablet&quot;:&quot;2&quot;,&quot;columns_mobile&quot;:&quot;1&quot;,&quot;edit_handle_selector&quot;:&quot;[data-elementor-type=\\&quot;loop-item\\&quot;]&quot;,&quot;load_more_spinner&quot;:{&quot;value&quot;:&quot;fas fa-spinner&quot;,&quot;library&quot;:&quot;fa-solid&quot;},&quot;row_gap_tablet&quot;:{&quot;unit&quot;:&quot;px&quot;,&quot;size&quot;:&quot;&quot;,&quot;sizes&quot;:[]},&quot;row_gap_mobile&quot;:{&quot;unit&quot;:&quot;px&quot;,&quot;size&quot;:&quot;&quot;,&quot;sizes&quot;:[]}}\" data-widget_type=\"loop-grid.product\">\n\t\t\t\t<div class=\"elementor-widget-container\">\n\t\t\t\t\t\t\t<div class=\"e-loop-nothing-found-message\">\n\t\t<\/div>\n\t\t\t\t\t\t<\/div>\n\t\t\t\t<\/div>\n\t\t\t\t\t<\/div>\n\t\t\t\t<\/div>\n\t\t\t\t<\/div>\n\t\t","protected":false},"excerpt":{"rendered":"<p>ZORA BY EMPERUS Zora se budi nad \u0160umadijom, dok prvi zraci svitanja obasjavaju vo\u0107njake iz kojih se ra\u0111a rakija najvi\u0161eg kvaliteta. U svakoj kapljici ove plemenite te\u010dnosti o\u017eivljava tradicija koju su nam preci ostavili \u2013 sa\u010duvana kroz generacije, kao veza izme\u0111u pro\u0161losti i budu\u0107nosti. Kao \u0161to svitanje donosi novi dan, tako i ove rakije bude [&hellip;]<\/p>\n","protected":false},"author":1,"featured_media":0,"parent":0,"menu_order":0,"comment_status":"closed","ping_status":"closed","template":"","meta":{"_acf_changed":false,"footnotes":""},"class_list":["post-3448","page","type-page","status-publish","hentry"],"acf":[],"_links":{"self":[{"href":"https:\/\/emperus.rs\/staging\/wp-json\/wp\/v2\/pages\/3448","targetHints":{"allow":["GET"]}}],"collection":[{"href":"https:\/\/emperus.rs\/staging\/wp-json\/wp\/v2\/pages"}],"about":[{"href":"https:\/\/emperus.rs\/staging\/wp-json\/wp\/v2\/types\/page"}],"author":[{"embeddable":true,"href":"https:\/\/emperus.rs\/staging\/wp-json\/wp\/v2\/users\/1"}],"replies":[{"embeddable":true,"href":"https:\/\/emperus.rs\/staging\/wp-json\/wp\/v2\/comments?post=3448"}],"version-history":[{"count":6,"href":"https:\/\/emperus.rs\/staging\/wp-json\/wp\/v2\/pages\/3448\/revisions"}],"predecessor-version":[{"id":4483,"href":"https:\/\/emperus.rs\/staging\/wp-json\/wp\/v2\/pages\/3448\/revisions\/4483"}],"wp:attachment":[{"href":"https:\/\/emperus.rs\/staging\/wp-json\/wp\/v2\/media?parent=3448"}],"curies":[{"name":"wp","href":"https:\/\/api.w.org\/{rel}","templated":true}]}}