{"id":4274,"date":"2025-10-15T02:52:51","date_gmt":"2025-10-15T00:52:51","guid":{"rendered":"https:\/\/emperus.rs\/staging\/?post_type=product&#038;p=4274"},"modified":"2026-03-05T07:56:52","modified_gmt":"2026-03-05T05:56:52","slug":"emperus-zora-sljivovica-barik-7-jumbo","status":"publish","type":"product","link":"https:\/\/emperus.rs\/staging\/emperus-zora-sljivovica-barik-7-jumbo\/","title":{"rendered":"EMPERUS Zora, \u0161ljivovica, barik 7"},"content":{"rendered":"","protected":false},"excerpt":{"rendered":"<ul>\n<li>\n<div dir=\"auto\">Harmoni\u010dan i zaokru\u017een ukus<\/div>\n<\/li>\n<li>\n<div dir=\"auto\">Proizvedena od pa\u017eljivo branih \u0161ljiva iz \u0160umadije<\/div>\n<\/li>\n<li>\n<div dir=\"auto\">Savr\u0161en izbor za istinske ljubitelje \u0161ljivovice<\/div>\n<\/li>\n<li>\n<div dir=\"auto\">Izra\u017eena meko\u0107a i rasko\u0161an miris<\/div>\n<\/li>\n<li>\n<div dir=\"auto\">Postojan i profinjen utisak, koji traje<\/div>\n<\/li>\n<\/ul>\n","protected":false},"featured_media":4276,"comment_status":"open","ping_status":"closed","template":"","meta":{"_acf_changed":false},"product_brand":[],"product_cat":[191],"product_tag":[],"class_list":{"0":"post-4274","1":"product","2":"type-product","3":"status-publish","4":"has-post-thumbnail","6":"product_cat-jumbo-5-litara","8":"first","9":"instock","10":"shipping-taxable","11":"purchasable","12":"product-type-simple"},"acf":[],"_links":{"self":[{"href":"https:\/\/emperus.rs\/staging\/wp-json\/wp\/v2\/product\/4274","targetHints":{"allow":["GET"]}}],"collection":[{"href":"https:\/\/emperus.rs\/staging\/wp-json\/wp\/v2\/product"}],"about":[{"href":"https:\/\/emperus.rs\/staging\/wp-json\/wp\/v2\/types\/product"}],"replies":[{"embeddable":true,"href":"https:\/\/emperus.rs\/staging\/wp-json\/wp\/v2\/comments?post=4274"}],"version-history":[{"count":2,"href":"https:\/\/emperus.rs\/staging\/wp-json\/wp\/v2\/product\/4274\/revisions"}],"predecessor-version":[{"id":4650,"href":"https:\/\/emperus.rs\/staging\/wp-json\/wp\/v2\/product\/4274\/revisions\/4650"}],"wp:featuredmedia":[{"embeddable":true,"href":"https:\/\/emperus.rs\/staging\/wp-json\/wp\/v2\/media\/4276"}],"wp:attachment":[{"href":"https:\/\/emperus.rs\/staging\/wp-json\/wp\/v2\/media?parent=4274"}],"wp:term":[{"taxonomy":"product_brand","embeddable":true,"href":"https:\/\/emperus.rs\/staging\/wp-json\/wp\/v2\/product_brand?post=4274"},{"taxonomy":"product_cat","embeddable":true,"href":"https:\/\/emperus.rs\/staging\/wp-json\/wp\/v2\/product_cat?post=4274"},{"taxonomy":"product_tag","embeddable":true,"href":"https:\/\/emperus.rs\/staging\/wp-json\/wp\/v2\/product_tag?post=4274"}],"curies":[{"name":"wp","href":"https:\/\/api.w.org\/{rel}","templated":true}]}}