{"id":4282,"date":"2025-10-15T03:05:42","date_gmt":"2025-10-15T01:05:42","guid":{"rendered":"https:\/\/emperus.rs\/staging\/?post_type=product&#038;p=4282"},"modified":"2026-03-05T08:01:57","modified_gmt":"2026-03-05T06:01:57","slug":"emperus-zolta-rakija-od-grozdja-barik-5-jumbo","status":"publish","type":"product","link":"https:\/\/emperus.rs\/staging\/emperus-zolta-rakija-od-grozdja-barik-5-jumbo\/","title":{"rendered":"EMPERUS \u017dolta, rakija od gro\u017e\u0111a, barik 5"},"content":{"rendered":"","protected":false},"excerpt":{"rendered":"<p>\u2022 Miris zrelih grozdova i blagih mu\u0161katnih nijansi, uz diskretne za\u010dinske tonove<br \/>\n\u2022 So\u010dan, zaokru\u017een ukus sa finom slatkastom meko\u0107om i sve\u017eim zavr\u0161etkom<br \/>\n\u2022 Umotano u svilenu teksturu, sa dugim i toplim zavr\u0161nim utiskom.<\/p>\n","protected":false},"featured_media":4284,"comment_status":"open","ping_status":"closed","template":"","meta":{"_acf_changed":false},"product_brand":[],"product_cat":[191],"product_tag":[],"class_list":{"0":"post-4282","1":"product","2":"type-product","3":"status-publish","4":"has-post-thumbnail","6":"product_cat-jumbo-5-litara","8":"first","9":"instock","10":"shipping-taxable","11":"purchasable","12":"product-type-simple"},"acf":[],"_links":{"self":[{"href":"https:\/\/emperus.rs\/staging\/wp-json\/wp\/v2\/product\/4282","targetHints":{"allow":["GET"]}}],"collection":[{"href":"https:\/\/emperus.rs\/staging\/wp-json\/wp\/v2\/product"}],"about":[{"href":"https:\/\/emperus.rs\/staging\/wp-json\/wp\/v2\/types\/product"}],"replies":[{"embeddable":true,"href":"https:\/\/emperus.rs\/staging\/wp-json\/wp\/v2\/comments?post=4282"}],"version-history":[{"count":3,"href":"https:\/\/emperus.rs\/staging\/wp-json\/wp\/v2\/product\/4282\/revisions"}],"predecessor-version":[{"id":4654,"href":"https:\/\/emperus.rs\/staging\/wp-json\/wp\/v2\/product\/4282\/revisions\/4654"}],"wp:featuredmedia":[{"embeddable":true,"href":"https:\/\/emperus.rs\/staging\/wp-json\/wp\/v2\/media\/4284"}],"wp:attachment":[{"href":"https:\/\/emperus.rs\/staging\/wp-json\/wp\/v2\/media?parent=4282"}],"wp:term":[{"taxonomy":"product_brand","embeddable":true,"href":"https:\/\/emperus.rs\/staging\/wp-json\/wp\/v2\/product_brand?post=4282"},{"taxonomy":"product_cat","embeddable":true,"href":"https:\/\/emperus.rs\/staging\/wp-json\/wp\/v2\/product_cat?post=4282"},{"taxonomy":"product_tag","embeddable":true,"href":"https:\/\/emperus.rs\/staging\/wp-json\/wp\/v2\/product_tag?post=4282"}],"curies":[{"name":"wp","href":"https:\/\/api.w.org\/{rel}","templated":true}]}}