{"id":4660,"date":"2026-03-05T08:09:07","date_gmt":"2026-03-05T06:09:07","guid":{"rendered":"https:\/\/emperus.rs\/staging\/?post_type=product&#038;p=4660"},"modified":"2026-03-15T07:19:35","modified_gmt":"2026-03-15T05:19:35","slug":"vozdov-grumen-rakija-od-grozdja-jumbo","status":"publish","type":"product","link":"https:\/\/emperus.rs\/staging\/vozdov-grumen-rakija-od-grozdja-jumbo\/","title":{"rendered":"Vo\u017edov grumen, rakija od gro\u017e\u0111a"},"content":{"rendered":"","protected":false},"excerpt":{"rendered":"","protected":false},"featured_media":4662,"comment_status":"open","ping_status":"closed","template":"","meta":{"_acf_changed":false},"product_brand":[],"product_cat":[191],"product_tag":[],"class_list":{"0":"post-4660","1":"product","2":"type-product","3":"status-publish","4":"has-post-thumbnail","6":"product_cat-jumbo-5-litara","8":"first","9":"instock","10":"shipping-taxable","11":"purchasable","12":"product-type-simple"},"acf":[],"_links":{"self":[{"href":"https:\/\/emperus.rs\/staging\/wp-json\/wp\/v2\/product\/4660","targetHints":{"allow":["GET"]}}],"collection":[{"href":"https:\/\/emperus.rs\/staging\/wp-json\/wp\/v2\/product"}],"about":[{"href":"https:\/\/emperus.rs\/staging\/wp-json\/wp\/v2\/types\/product"}],"replies":[{"embeddable":true,"href":"https:\/\/emperus.rs\/staging\/wp-json\/wp\/v2\/comments?post=4660"}],"version-history":[{"count":2,"href":"https:\/\/emperus.rs\/staging\/wp-json\/wp\/v2\/product\/4660\/revisions"}],"predecessor-version":[{"id":4709,"href":"https:\/\/emperus.rs\/staging\/wp-json\/wp\/v2\/product\/4660\/revisions\/4709"}],"wp:featuredmedia":[{"embeddable":true,"href":"https:\/\/emperus.rs\/staging\/wp-json\/wp\/v2\/media\/4662"}],"wp:attachment":[{"href":"https:\/\/emperus.rs\/staging\/wp-json\/wp\/v2\/media?parent=4660"}],"wp:term":[{"taxonomy":"product_brand","embeddable":true,"href":"https:\/\/emperus.rs\/staging\/wp-json\/wp\/v2\/product_brand?post=4660"},{"taxonomy":"product_cat","embeddable":true,"href":"https:\/\/emperus.rs\/staging\/wp-json\/wp\/v2\/product_cat?post=4660"},{"taxonomy":"product_tag","embeddable":true,"href":"https:\/\/emperus.rs\/staging\/wp-json\/wp\/v2\/product_tag?post=4660"}],"curies":[{"name":"wp","href":"https:\/\/api.w.org\/{rel}","templated":true}]}}